{"id":2659,"date":"2021-11-13T17:26:28","date_gmt":"2021-03-09T09:03:37","guid":{"rendered":"https:\/\/alextool.eu\/about-us\/"},"modified":"2025-06-20T10:36:13","modified_gmt":"2025-06-20T08:36:13","slug":"about-us","status":"publish","type":"page","link":"https:\/\/www.didier-formet-photographie.com\/","title":{"rendered":"Pourquoi un portraitiste ?"},"content":{"rendered":"<h2>Pourquoi un portraitiste ? <\/h2>\n<p>Ma mission :<\/p>\n<p><em> <strong>ressentir\u00a0 \u00a0<\/strong><\/em>et\u00a0 \u00a0<em><strong>capter<\/strong><\/em><\/p>\n<p>ce qui fait de vous une personne unique et pr\u00e9cieuse.<\/p>\n<p>Un beau challenge, non ?<\/p>\n<h2>Bien plus qu&rsquo;une technique&#8230;<\/h2>\n<p>Sensibilit\u00e9, \u00e9motion, regard, lumi\u00e8re, complicit\u00e9, engagement :\u00a0 un vrai savoir-faire, une signature.<\/p>\n<p>Vous souhaitez projeter une image valorisante et construite ? Appara\u00eetre dans votre v\u00e9rit\u00e9 la plus authentique ? ce sera un plaisir de vous accompagner.<\/p>\n<h2>Pour qui ?   O\u00f9 ?   A quelles occasions ?<\/h2>\n<p>Pour vous, votre couple, ceux que vous aimez, enfants, petits-enfants, amis et animal de compagnie.<\/p>\n<p>En studio, \u00e0 domicile, au jardin, un lieu que vous aimez.<\/p>\n<p>En pratiquant votre m\u00e9tier, votre passion, votre sport, votre art.<\/p>\n<p>A l&rsquo;occasion d&rsquo;un \u00e9v\u00e8nement, remise de dipl\u00f4me, c\u00e9l\u00e9bration, comp\u00e9tition, sc\u00e8ne, spectacle&#8230;<\/p>\n<h2>Autres prestations<\/h2>\n<ul>\n<li>Cr\u00e9ation de livre-photos<\/li>\n<li>Tirages FineArt avec ou sans support mural<\/li>\n<li>Scan de dispositives<\/li>\n<li>Restauration d&rsquo;anciennes photos<\/li>\n<li>Trombinoscope d&rsquo;entreprise<\/li>\n<li>Ev\u00e8nementiel<\/li>\n<\/ul>\n<h2>Garanties<\/h2>\n<p>Nos tirages argentiques sont <strong>garantis 20 ans<\/strong>. Si les couleurs ou les noirs devenaient p\u00e2les, nous vous offrons un retirage identique.<\/p>\n<p>\t\t\t<a href=\"\"><br \/>\n\t\t\t\t\t\t<\/a><\/p>\n","protected":false},"excerpt":{"rendered":"<p>Pourquoi un portraitiste ? Ma mission : ressentir\u00a0 \u00a0et\u00a0 \u00a0capter ce qui fait de vous une personne unique et pr\u00e9cieuse. Un beau challenge, non ? Bien plus qu&rsquo;une technique&#8230; Sensibilit\u00e9, \u00e9motion, regard, lumi\u00e8re, complicit\u00e9, engagement :\u00a0 un vrai savoir-faire, une signature. Vous souhaitez projeter une image valorisante et construite ? Appara\u00eetre dans votre v\u00e9rit\u00e9 la &hellip; <\/p>\n<p class=\"link-more\"><a href=\"https:\/\/www.didier-formet-photographie.com\/\" class=\"more-link\">Continuer la lecture<span class=\"screen-reader-text\"> de &laquo;&nbsp;Pourquoi un portraitiste ?&nbsp;&raquo;<\/span><\/a><\/p>\n","protected":false},"author":1,"featured_media":0,"parent":0,"menu_order":0,"comment_status":"closed","ping_status":"closed","template":"elementor_theme","meta":{"footnotes":""},"class_list":["post-2659","page","type-page","status-publish","hentry"],"yoast_head":"<!-- This site is optimized with the Yoast SEO plugin v25.3.1 - https:\/\/yoast.com\/wordpress\/plugins\/seo\/ -->\n<title>Pourquoi un portraitiste ? - Didier Formet Photographie<\/title>\n<meta name=\"description\" content=\"photographe \u00e0 Marsannay-la-C\u00f4te, pr\u00e8s de Dijon. Portrait, trombinoscope, reportage, identit\u00e9s agr\u00e9\u00e9es e-photo, studio mobile, \u00e0 domicile\" \/>\n<meta name=\"robots\" content=\"index, follow, max-snippet:-1, max-image-preview:large, max-video-preview:-1\" \/>\n<link rel=\"canonical\" href=\"https:\/\/www.didier-formet-photographie.com\/\" \/>\n<meta property=\"og:locale\" content=\"fr_FR\" \/>\n<meta property=\"og:type\" content=\"article\" \/>\n<meta property=\"og:title\" content=\"Pourquoi un portraitiste ? - Didier Formet Photographie\" \/>\n<meta property=\"og:description\" content=\"photographe \u00e0 Marsannay-la-C\u00f4te, pr\u00e8s de Dijon. Portrait, trombinoscope, reportage, identit\u00e9s agr\u00e9\u00e9es e-photo, studio mobile, \u00e0 domicile\" \/>\n<meta property=\"og:url\" content=\"https:\/\/www.didier-formet-photographie.com\/\" \/>\n<meta property=\"og:site_name\" content=\"Didier Formet Photographie\" \/>\n<meta property=\"article:publisher\" content=\"https:\/\/www.facebook.com\/didierformetphotographe\/\" \/>\n<meta property=\"article:modified_time\" content=\"2025-06-20T08:36:13+00:00\" \/>\n<meta property=\"og:image\" content=\"https:\/\/www.didier-formet-photographie.com\/wp-content\/uploads\/2021\/11\/df-portraitiste-valide-blanc-elargi-bandeau-5-scaled.jpg\" \/>\n\t<meta property=\"og:image:width\" content=\"2560\" \/>\n\t<meta property=\"og:image:height\" content=\"1067\" \/>\n\t<meta property=\"og:image:type\" content=\"image\/jpeg\" \/>\n<meta name=\"twitter:card\" content=\"summary_large_image\" \/>\n<meta name=\"twitter:label1\" content=\"Dur\u00e9e de lecture estim\u00e9e\" \/>\n\t<meta name=\"twitter:data1\" content=\"1 minute\" \/>\n<script type=\"application\/ld+json\" class=\"yoast-schema-graph\">{\"@context\":\"https:\/\/schema.org\",\"@graph\":[{\"@type\":\"WebPage\",\"@id\":\"https:\/\/www.didier-formet-photographie.com\/\",\"url\":\"https:\/\/www.didier-formet-photographie.com\/\",\"name\":\"Pourquoi un portraitiste ? - Didier Formet Photographie\",\"isPartOf\":{\"@id\":\"https:\/\/www.didier-formet-photographie.com\/#website\"},\"datePublished\":\"2021-03-09T09:03:37+00:00\",\"dateModified\":\"2025-06-20T08:36:13+00:00\",\"description\":\"photographe \u00e0 Marsannay-la-C\u00f4te, pr\u00e8s de Dijon. Portrait, trombinoscope, reportage, identit\u00e9s agr\u00e9\u00e9es e-photo, studio mobile, \u00e0 domicile\",\"breadcrumb\":{\"@id\":\"https:\/\/www.didier-formet-photographie.com\/#breadcrumb\"},\"inLanguage\":\"fr-FR\",\"potentialAction\":[{\"@type\":\"ReadAction\",\"target\":[\"https:\/\/www.didier-formet-photographie.com\/\"]}]},{\"@type\":\"BreadcrumbList\",\"@id\":\"https:\/\/www.didier-formet-photographie.com\/#breadcrumb\",\"itemListElement\":[{\"@type\":\"ListItem\",\"position\":1,\"name\":\"Accueil\",\"item\":\"https:\/\/www.didier-formet-photographie.com\/\"},{\"@type\":\"ListItem\",\"position\":2,\"name\":\"Pourquoi un portraitiste ?\"}]},{\"@type\":\"WebSite\",\"@id\":\"https:\/\/www.didier-formet-photographie.com\/#website\",\"url\":\"https:\/\/www.didier-formet-photographie.com\/\",\"name\":\"Didier Formet Photographie\",\"description\":\"Votre portraitiste\",\"publisher\":{\"@id\":\"https:\/\/www.didier-formet-photographie.com\/#\/schema\/person\/bfb3590d294173992e9f8043d8521864\"},\"potentialAction\":[{\"@type\":\"SearchAction\",\"target\":{\"@type\":\"EntryPoint\",\"urlTemplate\":\"https:\/\/www.didier-formet-photographie.com\/?s={search_term_string}\"},\"query-input\":{\"@type\":\"PropertyValueSpecification\",\"valueRequired\":true,\"valueName\":\"search_term_string\"}}],\"inLanguage\":\"fr-FR\"},{\"@type\":[\"Person\",\"Organization\"],\"@id\":\"https:\/\/www.didier-formet-photographie.com\/#\/schema\/person\/bfb3590d294173992e9f8043d8521864\",\"name\":\"Didier Formet\",\"image\":{\"@type\":\"ImageObject\",\"inLanguage\":\"fr-FR\",\"@id\":\"https:\/\/www.didier-formet-photographie.com\/#\/schema\/person\/image\/\",\"url\":\"https:\/\/www.didier-formet-photographie.com\/wp-content\/uploads\/2023\/11\/df-portraitiste-blanc-fond-bleu.jpg\",\"contentUrl\":\"https:\/\/www.didier-formet-photographie.com\/wp-content\/uploads\/2023\/11\/df-portraitiste-blanc-fond-bleu.jpg\",\"width\":2481,\"height\":2481,\"caption\":\"Didier Formet\"},\"logo\":{\"@id\":\"https:\/\/www.didier-formet-photographie.com\/#\/schema\/person\/image\/\"},\"description\":\"Consultant et photographe, deux vrais m\u00e9tiers que je fais coexister\",\"sameAs\":[\"http:\/\/www.didier-formet-photographie.com\",\"https:\/\/www.facebook.com\/didierformetphotographe\/\",\"https:\/\/www.instagram.com\/didierformetphotographie\/\"]}]}<\/script>\n<!-- \/ Yoast SEO plugin. -->","yoast_head_json":{"title":"Pourquoi un portraitiste ? - Didier Formet Photographie","description":"photographe \u00e0 Marsannay-la-C\u00f4te, pr\u00e8s de Dijon. Portrait, trombinoscope, reportage, identit\u00e9s agr\u00e9\u00e9es e-photo, studio mobile, \u00e0 domicile","robots":{"index":"index","follow":"follow","max-snippet":"max-snippet:-1","max-image-preview":"max-image-preview:large","max-video-preview":"max-video-preview:-1"},"canonical":"https:\/\/www.didier-formet-photographie.com\/","og_locale":"fr_FR","og_type":"article","og_title":"Pourquoi un portraitiste ? - Didier Formet Photographie","og_description":"photographe \u00e0 Marsannay-la-C\u00f4te, pr\u00e8s de Dijon. Portrait, trombinoscope, reportage, identit\u00e9s agr\u00e9\u00e9es e-photo, studio mobile, \u00e0 domicile","og_url":"https:\/\/www.didier-formet-photographie.com\/","og_site_name":"Didier Formet Photographie","article_publisher":"https:\/\/www.facebook.com\/didierformetphotographe\/","article_modified_time":"2025-06-20T08:36:13+00:00","og_image":[{"width":2560,"height":1067,"url":"https:\/\/www.didier-formet-photographie.com\/wp-content\/uploads\/2021\/11\/df-portraitiste-valide-blanc-elargi-bandeau-5-scaled.jpg","type":"image\/jpeg"}],"twitter_card":"summary_large_image","twitter_misc":{"Dur\u00e9e de lecture estim\u00e9e":"1 minute"},"schema":{"@context":"https:\/\/schema.org","@graph":[{"@type":"WebPage","@id":"https:\/\/www.didier-formet-photographie.com\/","url":"https:\/\/www.didier-formet-photographie.com\/","name":"Pourquoi un portraitiste ? - Didier Formet Photographie","isPartOf":{"@id":"https:\/\/www.didier-formet-photographie.com\/#website"},"datePublished":"2021-03-09T09:03:37+00:00","dateModified":"2025-06-20T08:36:13+00:00","description":"photographe \u00e0 Marsannay-la-C\u00f4te, pr\u00e8s de Dijon. Portrait, trombinoscope, reportage, identit\u00e9s agr\u00e9\u00e9es e-photo, studio mobile, \u00e0 domicile","breadcrumb":{"@id":"https:\/\/www.didier-formet-photographie.com\/#breadcrumb"},"inLanguage":"fr-FR","potentialAction":[{"@type":"ReadAction","target":["https:\/\/www.didier-formet-photographie.com\/"]}]},{"@type":"BreadcrumbList","@id":"https:\/\/www.didier-formet-photographie.com\/#breadcrumb","itemListElement":[{"@type":"ListItem","position":1,"name":"Accueil","item":"https:\/\/www.didier-formet-photographie.com\/"},{"@type":"ListItem","position":2,"name":"Pourquoi un portraitiste ?"}]},{"@type":"WebSite","@id":"https:\/\/www.didier-formet-photographie.com\/#website","url":"https:\/\/www.didier-formet-photographie.com\/","name":"Didier Formet Photographie","description":"Votre portraitiste","publisher":{"@id":"https:\/\/www.didier-formet-photographie.com\/#\/schema\/person\/bfb3590d294173992e9f8043d8521864"},"potentialAction":[{"@type":"SearchAction","target":{"@type":"EntryPoint","urlTemplate":"https:\/\/www.didier-formet-photographie.com\/?s={search_term_string}"},"query-input":{"@type":"PropertyValueSpecification","valueRequired":true,"valueName":"search_term_string"}}],"inLanguage":"fr-FR"},{"@type":["Person","Organization"],"@id":"https:\/\/www.didier-formet-photographie.com\/#\/schema\/person\/bfb3590d294173992e9f8043d8521864","name":"Didier Formet","image":{"@type":"ImageObject","inLanguage":"fr-FR","@id":"https:\/\/www.didier-formet-photographie.com\/#\/schema\/person\/image\/","url":"https:\/\/www.didier-formet-photographie.com\/wp-content\/uploads\/2023\/11\/df-portraitiste-blanc-fond-bleu.jpg","contentUrl":"https:\/\/www.didier-formet-photographie.com\/wp-content\/uploads\/2023\/11\/df-portraitiste-blanc-fond-bleu.jpg","width":2481,"height":2481,"caption":"Didier Formet"},"logo":{"@id":"https:\/\/www.didier-formet-photographie.com\/#\/schema\/person\/image\/"},"description":"Consultant et photographe, deux vrais m\u00e9tiers que je fais coexister","sameAs":["http:\/\/www.didier-formet-photographie.com","https:\/\/www.facebook.com\/didierformetphotographe\/","https:\/\/www.instagram.com\/didierformetphotographie\/"]}]}},"_links":{"self":[{"href":"https:\/\/www.didier-formet-photographie.com\/index.php\/wp-json\/wp\/v2\/pages\/2659","targetHints":{"allow":["GET"]}}],"collection":[{"href":"https:\/\/www.didier-formet-photographie.com\/index.php\/wp-json\/wp\/v2\/pages"}],"about":[{"href":"https:\/\/www.didier-formet-photographie.com\/index.php\/wp-json\/wp\/v2\/types\/page"}],"author":[{"embeddable":true,"href":"https:\/\/www.didier-formet-photographie.com\/index.php\/wp-json\/wp\/v2\/users\/1"}],"replies":[{"embeddable":true,"href":"https:\/\/www.didier-formet-photographie.com\/index.php\/wp-json\/wp\/v2\/comments?post=2659"}],"version-history":[{"count":132,"href":"https:\/\/www.didier-formet-photographie.com\/index.php\/wp-json\/wp\/v2\/pages\/2659\/revisions"}],"predecessor-version":[{"id":3765,"href":"https:\/\/www.didier-formet-photographie.com\/index.php\/wp-json\/wp\/v2\/pages\/2659\/revisions\/3765"}],"wp:attachment":[{"href":"https:\/\/www.didier-formet-photographie.com\/index.php\/wp-json\/wp\/v2\/media?parent=2659"}],"curies":[{"name":"wp","href":"https:\/\/api.w.org\/{rel}","templated":true}]}}

<h2>Pourquoi un portraitiste ? </h2>
<p>Ma mission :</p>
<p><em> <strong>ressentir   </strong></em>et   <em><strong>capter</strong></em></p>
<p>ce qui fait de vous une personne unique et précieuse.</p>
<p>Un beau challenge, non ?</p>
<h2>Bien plus qu&rsquo;une technique&#8230;</h2>
<p>Sensibilité, émotion, regard, lumière, complicité, engagement :  un vrai savoir-faire, une signature.</p>
<p>Vous souhaitez projeter une image valorisante et construite ? Apparaître dans votre vérité la plus authentique ? ce sera un plaisir de vous accompagner.</p>
<h2>Pour qui ?   Où ?   A quelles occasions ?</h2>
<p>Pour vous, votre couple, ceux que vous aimez, enfants, petits-enfants, amis et animal de compagnie.</p>
<p>En studio, à domicile, au jardin, un lieu que vous aimez.</p>
<p>En pratiquant votre métier, votre passion, votre sport, votre art.</p>
<p>A l&rsquo;occasion d&rsquo;un évènement, remise de diplôme, célébration, compétition, scène, spectacle&#8230;</p>
<h2>Autres prestations</h2>
<ul>
<li>Création de livre-photos</li>
<li>Tirages FineArt avec ou sans support mural</li>
<li>Scan de dispositives</li>
<li>Restauration d&rsquo;anciennes photos</li>
<li>Trombinoscope d&rsquo;entreprise</li>
<li>Evènementiel</li>
</ul>
<h2>Garanties</h2>
<p>Nos tirages argentiques sont <strong>garantis 20 ans</strong>. Si les couleurs ou les noirs devenaient pâles, nous vous offrons un retirage identique.</p>
<p>			<a href=""><br />
						</a></p>

<p>Pourquoi un portraitiste ? Ma mission : ressentir   et   capter ce qui fait de vous une personne unique et précieuse. Un beau challenge, non ? Bien plus qu&rsquo;une technique&#8230; Sensibilité, émotion, regard, lumière, complicité, engagement :  un vrai savoir-faire, une signature. Vous souhaitez projeter une image valorisante et construite ? Apparaître dans votre vérité la &hellip; </p>
<p class="link-more"><a href="https://www.didier-formet-photographie.com/" class="more-link">Continuer la lecture<span class="screen-reader-text"> de &laquo;&nbsp;Pourquoi un portraitiste ?&nbsp;&raquo;</span></a></p>

<!-- This site is optimized with the Yoast SEO plugin v25.3.1 - https://yoast.com/wordpress/plugins/seo/ -->
<title>Pourquoi un portraitiste ? - Didier Formet Photographie</title>
<meta name="description" content="photographe à Marsannay-la-Côte, près de Dijon. Portrait, trombinoscope, reportage, identités agréées e-photo, studio mobile, à domicile" />
<meta name="robots" content="index, follow, max-snippet:-1, max-image-preview:large, max-video-preview:-1" />
<link rel="canonical" href="https://www.didier-formet-photographie.com/" />
<meta property="og:locale" content="fr_FR" />
<meta property="og:type" content="article" />
<meta property="og:title" content="Pourquoi un portraitiste ? - Didier Formet Photographie" />
<meta property="og:description" content="photographe à Marsannay-la-Côte, près de Dijon. Portrait, trombinoscope, reportage, identités agréées e-photo, studio mobile, à domicile" />
<meta property="og:url" content="https://www.didier-formet-photographie.com/" />
<meta property="og:site_name" content="Didier Formet Photographie" />
<meta property="article:publisher" content="https://www.facebook.com/didierformetphotographe/" />
<meta property="article:modified_time" content="2025-06-20T08:36:13+00:00" />
<meta property="og:image" content="https://www.didier-formet-photographie.com/wp-content/uploads/2021/11/df-portraitiste-valide-blanc-elargi-bandeau-5-scaled.jpg" />
	<meta property="og:image:width" content="2560" />
	<meta property="og:image:height" content="1067" />
	<meta property="og:image:type" content="image/jpeg" />
<meta name="twitter:card" content="summary_large_image" />
<meta name="twitter:label1" content="Durée de lecture estimée" />
	<meta name="twitter:data1" content="1 minute" />
<script type="application/ld+json" class="yoast-schema-graph">{"@context":"https://schema.org","@graph":[{"@type":"WebPage","@id":"https://www.didier-formet-photographie.com/","url":"https://www.didier-formet-photographie.com/","name":"Pourquoi un portraitiste ? - Didier Formet Photographie","isPartOf":{"@id":"https://www.didier-formet-photographie.com/#website"},"datePublished":"2021-03-09T09:03:37+00:00","dateModified":"2025-06-20T08:36:13+00:00","description":"photographe à Marsannay-la-Côte, près de Dijon. Portrait, trombinoscope, reportage, identités agréées e-photo, studio mobile, à domicile","breadcrumb":{"@id":"https://www.didier-formet-photographie.com/#breadcrumb"},"inLanguage":"fr-FR","potentialAction":[{"@type":"ReadAction","target":["https://www.didier-formet-photographie.com/"]}]},{"@type":"BreadcrumbList","@id":"https://www.didier-formet-photographie.com/#breadcrumb","itemListElement":[{"@type":"ListItem","position":1,"name":"Accueil","item":"https://www.didier-formet-photographie.com/"},{"@type":"ListItem","position":2,"name":"Pourquoi un portraitiste ?"}]},{"@type":"WebSite","@id":"https://www.didier-formet-photographie.com/#website","url":"https://www.didier-formet-photographie.com/","name":"Didier Formet Photographie","description":"Votre portraitiste","publisher":{"@id":"https://www.didier-formet-photographie.com/#/schema/person/bfb3590d294173992e9f8043d8521864"},"potentialAction":[{"@type":"SearchAction","target":{"@type":"EntryPoint","urlTemplate":"https://www.didier-formet-photographie.com/?s={search_term_string}"},"query-input":{"@type":"PropertyValueSpecification","valueRequired":true,"valueName":"search_term_string"}}],"inLanguage":"fr-FR"},{"@type":["Person","Organization"],"@id":"https://www.didier-formet-photographie.com/#/schema/person/bfb3590d294173992e9f8043d8521864","name":"Didier Formet","image":{"@type":"ImageObject","inLanguage":"fr-FR","@id":"https://www.didier-formet-photographie.com/#/schema/person/image/","url":"https://www.didier-formet-photographie.com/wp-content/uploads/2023/11/df-portraitiste-blanc-fond-bleu.jpg","contentUrl":"https://www.didier-formet-photographie.com/wp-content/uploads/2023/11/df-portraitiste-blanc-fond-bleu.jpg","width":2481,"height":2481,"caption":"Didier Formet"},"logo":{"@id":"https://www.didier-formet-photographie.com/#/schema/person/image/"},"description":"Consultant et photographe, deux vrais métiers que je fais coexister","sameAs":["http://www.didier-formet-photographie.com","https://www.facebook.com/didierformetphotographe/","https://www.instagram.com/didierformetphotographie/"]}]}</script>
<!-- / Yoast SEO plugin. -->

photographe à Marsannay-la-Côte, près de Dijon. Portrait, trombinoscope, reportage, identités agréées e-photo, studio mobile, à domicile

Consultant et photographe, deux vrais métiers que je fais coexister
