{"id":3224,"date":"2021-11-26T18:04:26","date_gmt":"2021-11-26T17:04:26","guid":{"rendered":"http:\/\/www.didier-formet-photographie.com\/?page_id=3224"},"modified":"2023-11-23T11:29:30","modified_gmt":"2023-11-23T10:29:30","slug":"elementor-3224","status":"publish","type":"page","link":"https:\/\/www.didier-formet-photographie.com\/index.php\/about-us\/elementor-3224\/","title":{"rendered":"D\u00e9roulement d&rsquo;une s\u00e9ance"},"content":{"rendered":"\t\t<div data-elementor-type=\"wp-page\" data-elementor-id=\"3224\" class=\"elementor elementor-3224\">\n\t\t\t\t\t\t<section class=\"elementor-section elementor-top-section elementor-element elementor-element-1fce407 elementor-section-boxed elementor-section-height-default elementor-section-height-default\" data-id=\"1fce407\" data-element_type=\"section\" data-e-type=\"section\">\n\t\t\t\t\t\t<div class=\"elementor-container elementor-column-gap-default\">\n\t\t\t\t\t<div class=\"elementor-column elementor-col-100 elementor-top-column elementor-element elementor-element-390bf75\" data-id=\"390bf75\" data-element_type=\"column\" data-e-type=\"column\">\n\t\t\t<div class=\"elementor-widget-wrap elementor-element-populated\">\n\t\t\t\t\t\t<div class=\"elementor-element elementor-element-9c5ed17 elementor-widget elementor-widget-text-editor\" data-id=\"9c5ed17\" data-element_type=\"widget\" data-e-type=\"widget\" data-widget_type=\"text-editor.default\">\n\t\t\t\t<div class=\"elementor-widget-container\">\n\t\t\t\t\t\t\t\t\t<p>Les prises de vue durent en moyenne une heure.<\/p><p>Elles peuvent se faire \u00e0 domicile, en studio, en tout lieu qui vous convient. Il faut parfois ajouter \u00bd heure d\u2019installation du studio mobile, selon les conditions.<\/p><p>Vous pouvez bien s\u00fbr \u00eatre accompagn\u00e9(e) si vous le souhaitez, par une personne discr\u00e8te.<\/p><p>Il ne s\u2019agit pas de faire de l\u2019effet, mais de r\u00e9aliser un portrait authentique. <em><strong>A l&rsquo;oppos\u00e9 d&rsquo;un selfie, il ne sera jamais d\u00e9mod\u00e9.<\/strong><\/em><\/p><p>Le climat est humain, on peut parler pendant la s\u00e9ance, je m\u2019int\u00e9resse \u00e0 la personne totale, pas seulement son apparence.<\/p><p>Certaines personnes souhaitent s\u2019exprimer librement dans leurs poses et expressions, d\u2019autres souhaitent \u00eatre guid\u00e9es, je sais m\u2019adapter aux deux.<\/p><p>Je sais \u00e9galement travailler avec les personnes timides, sensibles ou qui n\u2019aiment pas leur image.<\/p>\t\t\t\t\t\t\t\t<\/div>\n\t\t\t\t<\/div>\n\t\t\t\t\t<\/div>\n\t\t<\/div>\n\t\t\t\t\t<\/div>\n\t\t<\/section>\n\t\t\t\t<\/div>\n\t\t","protected":false},"excerpt":{"rendered":"<p>Les prises de vue durent en moyenne une heure. Elles peuvent se faire \u00e0 domicile, en studio, en tout lieu qui vous convient. Il faut parfois ajouter \u00bd heure d\u2019installation du studio mobile, selon les conditions. Vous pouvez bien s\u00fbr \u00eatre accompagn\u00e9(e) si vous le souhaitez, par une personne discr\u00e8te. Il ne s\u2019agit pas de &hellip; <\/p>\n<p class=\"link-more\"><a href=\"https:\/\/www.didier-formet-photographie.com\/index.php\/about-us\/elementor-3224\/\" class=\"more-link\">Continuer la lecture<span class=\"screen-reader-text\"> de &laquo;&nbsp;D\u00e9roulement d&rsquo;une s\u00e9ance&nbsp;&raquo;<\/span><\/a><\/p>\n","protected":false},"author":1,"featured_media":0,"parent":2659,"menu_order":0,"comment_status":"closed","ping_status":"closed","template":"","meta":{"footnotes":""},"class_list":["post-3224","page","type-page","status-publish","hentry"],"yoast_head":"<!-- This site is optimized with the Yoast SEO plugin v25.3.1 - https:\/\/yoast.com\/wordpress\/plugins\/seo\/ -->\n<title>D\u00e9roulement d&#039;une s\u00e9ance - Didier Formet Photographie<\/title>\n<meta name=\"robots\" content=\"index, follow, max-snippet:-1, max-image-preview:large, max-video-preview:-1\" \/>\n<link rel=\"canonical\" href=\"https:\/\/www.didier-formet-photographie.com\/index.php\/about-us\/elementor-3224\/\" \/>\n<meta property=\"og:locale\" content=\"fr_FR\" \/>\n<meta property=\"og:type\" content=\"article\" \/>\n<meta property=\"og:title\" content=\"D\u00e9roulement d&#039;une s\u00e9ance - Didier Formet Photographie\" \/>\n<meta property=\"og:description\" content=\"Les prises de vue durent en moyenne une heure. Elles peuvent se faire \u00e0 domicile, en studio, en tout lieu qui vous convient. Il faut parfois ajouter \u00bd heure d\u2019installation du studio mobile, selon les conditions. Vous pouvez bien s\u00fbr \u00eatre accompagn\u00e9(e) si vous le souhaitez, par une personne discr\u00e8te. Il ne s\u2019agit pas de &hellip; Continuer la lecture de &laquo;&nbsp;D\u00e9roulement d&rsquo;une s\u00e9ance&nbsp;&raquo;\" \/>\n<meta property=\"og:url\" content=\"https:\/\/www.didier-formet-photographie.com\/index.php\/about-us\/elementor-3224\/\" \/>\n<meta property=\"og:site_name\" content=\"Didier Formet Photographie\" \/>\n<meta property=\"article:publisher\" content=\"https:\/\/www.facebook.com\/didierformetphotographe\/\" \/>\n<meta property=\"article:modified_time\" content=\"2023-11-23T10:29:30+00:00\" \/>\n<meta property=\"og:image\" content=\"https:\/\/www.didier-formet-photographie.com\/wp-content\/uploads\/2021\/11\/df-portraitiste-valide-blanc-elargi-bandeau-5-scaled.jpg\" \/>\n\t<meta property=\"og:image:width\" content=\"2560\" \/>\n\t<meta property=\"og:image:height\" content=\"1067\" \/>\n\t<meta property=\"og:image:type\" content=\"image\/jpeg\" \/>\n<meta name=\"twitter:card\" content=\"summary_large_image\" \/>\n<meta name=\"twitter:label1\" content=\"Dur\u00e9e de lecture estim\u00e9e\" \/>\n\t<meta name=\"twitter:data1\" content=\"1 minute\" \/>\n<script type=\"application\/ld+json\" class=\"yoast-schema-graph\">{\"@context\":\"https:\/\/schema.org\",\"@graph\":[{\"@type\":\"WebPage\",\"@id\":\"https:\/\/www.didier-formet-photographie.com\/index.php\/about-us\/elementor-3224\/\",\"url\":\"https:\/\/www.didier-formet-photographie.com\/index.php\/about-us\/elementor-3224\/\",\"name\":\"D\u00e9roulement d'une s\u00e9ance - Didier Formet Photographie\",\"isPartOf\":{\"@id\":\"https:\/\/www.didier-formet-photographie.com\/#website\"},\"datePublished\":\"2021-11-26T17:04:26+00:00\",\"dateModified\":\"2023-11-23T10:29:30+00:00\",\"breadcrumb\":{\"@id\":\"https:\/\/www.didier-formet-photographie.com\/index.php\/about-us\/elementor-3224\/#breadcrumb\"},\"inLanguage\":\"fr-FR\",\"potentialAction\":[{\"@type\":\"ReadAction\",\"target\":[\"https:\/\/www.didier-formet-photographie.com\/index.php\/about-us\/elementor-3224\/\"]}]},{\"@type\":\"BreadcrumbList\",\"@id\":\"https:\/\/www.didier-formet-photographie.com\/index.php\/about-us\/elementor-3224\/#breadcrumb\",\"itemListElement\":[{\"@type\":\"ListItem\",\"position\":1,\"name\":\"Accueil\",\"item\":\"https:\/\/www.didier-formet-photographie.com\/\"},{\"@type\":\"ListItem\",\"position\":2,\"name\":\"Pourquoi un portraitiste ?\",\"item\":\"https:\/\/www.didier-formet-photographie.com\/\"},{\"@type\":\"ListItem\",\"position\":3,\"name\":\"D\u00e9roulement d&rsquo;une s\u00e9ance\"}]},{\"@type\":\"WebSite\",\"@id\":\"https:\/\/www.didier-formet-photographie.com\/#website\",\"url\":\"https:\/\/www.didier-formet-photographie.com\/\",\"name\":\"Didier Formet Photographie\",\"description\":\"Votre portraitiste\",\"publisher\":{\"@id\":\"https:\/\/www.didier-formet-photographie.com\/#\/schema\/person\/bfb3590d294173992e9f8043d8521864\"},\"potentialAction\":[{\"@type\":\"SearchAction\",\"target\":{\"@type\":\"EntryPoint\",\"urlTemplate\":\"https:\/\/www.didier-formet-photographie.com\/?s={search_term_string}\"},\"query-input\":{\"@type\":\"PropertyValueSpecification\",\"valueRequired\":true,\"valueName\":\"search_term_string\"}}],\"inLanguage\":\"fr-FR\"},{\"@type\":[\"Person\",\"Organization\"],\"@id\":\"https:\/\/www.didier-formet-photographie.com\/#\/schema\/person\/bfb3590d294173992e9f8043d8521864\",\"name\":\"Didier Formet\",\"image\":{\"@type\":\"ImageObject\",\"inLanguage\":\"fr-FR\",\"@id\":\"https:\/\/www.didier-formet-photographie.com\/#\/schema\/person\/image\/\",\"url\":\"https:\/\/www.didier-formet-photographie.com\/wp-content\/uploads\/2023\/11\/df-portraitiste-blanc-fond-bleu.jpg\",\"contentUrl\":\"https:\/\/www.didier-formet-photographie.com\/wp-content\/uploads\/2023\/11\/df-portraitiste-blanc-fond-bleu.jpg\",\"width\":2481,\"height\":2481,\"caption\":\"Didier Formet\"},\"logo\":{\"@id\":\"https:\/\/www.didier-formet-photographie.com\/#\/schema\/person\/image\/\"},\"description\":\"Consultant et photographe, deux vrais m\u00e9tiers que je fais coexister\",\"sameAs\":[\"http:\/\/www.didier-formet-photographie.com\",\"https:\/\/www.facebook.com\/didierformetphotographe\/\",\"https:\/\/www.instagram.com\/didierformetphotographie\/\"]}]}<\/script>\n<!-- \/ Yoast SEO plugin. -->","yoast_head_json":{"title":"D\u00e9roulement d'une s\u00e9ance - Didier Formet Photographie","robots":{"index":"index","follow":"follow","max-snippet":"max-snippet:-1","max-image-preview":"max-image-preview:large","max-video-preview":"max-video-preview:-1"},"canonical":"https:\/\/www.didier-formet-photographie.com\/index.php\/about-us\/elementor-3224\/","og_locale":"fr_FR","og_type":"article","og_title":"D\u00e9roulement d'une s\u00e9ance - Didier Formet Photographie","og_description":"Les prises de vue durent en moyenne une heure. Elles peuvent se faire \u00e0 domicile, en studio, en tout lieu qui vous convient. Il faut parfois ajouter \u00bd heure d\u2019installation du studio mobile, selon les conditions. Vous pouvez bien s\u00fbr \u00eatre accompagn\u00e9(e) si vous le souhaitez, par une personne discr\u00e8te. Il ne s\u2019agit pas de &hellip; Continuer la lecture de &laquo;&nbsp;D\u00e9roulement d&rsquo;une s\u00e9ance&nbsp;&raquo;","og_url":"https:\/\/www.didier-formet-photographie.com\/index.php\/about-us\/elementor-3224\/","og_site_name":"Didier Formet Photographie","article_publisher":"https:\/\/www.facebook.com\/didierformetphotographe\/","article_modified_time":"2023-11-23T10:29:30+00:00","og_image":[{"width":2560,"height":1067,"url":"https:\/\/www.didier-formet-photographie.com\/wp-content\/uploads\/2021\/11\/df-portraitiste-valide-blanc-elargi-bandeau-5-scaled.jpg","type":"image\/jpeg"}],"twitter_card":"summary_large_image","twitter_misc":{"Dur\u00e9e de lecture estim\u00e9e":"1 minute"},"schema":{"@context":"https:\/\/schema.org","@graph":[{"@type":"WebPage","@id":"https:\/\/www.didier-formet-photographie.com\/index.php\/about-us\/elementor-3224\/","url":"https:\/\/www.didier-formet-photographie.com\/index.php\/about-us\/elementor-3224\/","name":"D\u00e9roulement d'une s\u00e9ance - Didier Formet Photographie","isPartOf":{"@id":"https:\/\/www.didier-formet-photographie.com\/#website"},"datePublished":"2021-11-26T17:04:26+00:00","dateModified":"2023-11-23T10:29:30+00:00","breadcrumb":{"@id":"https:\/\/www.didier-formet-photographie.com\/index.php\/about-us\/elementor-3224\/#breadcrumb"},"inLanguage":"fr-FR","potentialAction":[{"@type":"ReadAction","target":["https:\/\/www.didier-formet-photographie.com\/index.php\/about-us\/elementor-3224\/"]}]},{"@type":"BreadcrumbList","@id":"https:\/\/www.didier-formet-photographie.com\/index.php\/about-us\/elementor-3224\/#breadcrumb","itemListElement":[{"@type":"ListItem","position":1,"name":"Accueil","item":"https:\/\/www.didier-formet-photographie.com\/"},{"@type":"ListItem","position":2,"name":"Pourquoi un portraitiste ?","item":"https:\/\/www.didier-formet-photographie.com\/"},{"@type":"ListItem","position":3,"name":"D\u00e9roulement d&rsquo;une s\u00e9ance"}]},{"@type":"WebSite","@id":"https:\/\/www.didier-formet-photographie.com\/#website","url":"https:\/\/www.didier-formet-photographie.com\/","name":"Didier Formet Photographie","description":"Votre portraitiste","publisher":{"@id":"https:\/\/www.didier-formet-photographie.com\/#\/schema\/person\/bfb3590d294173992e9f8043d8521864"},"potentialAction":[{"@type":"SearchAction","target":{"@type":"EntryPoint","urlTemplate":"https:\/\/www.didier-formet-photographie.com\/?s={search_term_string}"},"query-input":{"@type":"PropertyValueSpecification","valueRequired":true,"valueName":"search_term_string"}}],"inLanguage":"fr-FR"},{"@type":["Person","Organization"],"@id":"https:\/\/www.didier-formet-photographie.com\/#\/schema\/person\/bfb3590d294173992e9f8043d8521864","name":"Didier Formet","image":{"@type":"ImageObject","inLanguage":"fr-FR","@id":"https:\/\/www.didier-formet-photographie.com\/#\/schema\/person\/image\/","url":"https:\/\/www.didier-formet-photographie.com\/wp-content\/uploads\/2023\/11\/df-portraitiste-blanc-fond-bleu.jpg","contentUrl":"https:\/\/www.didier-formet-photographie.com\/wp-content\/uploads\/2023\/11\/df-portraitiste-blanc-fond-bleu.jpg","width":2481,"height":2481,"caption":"Didier Formet"},"logo":{"@id":"https:\/\/www.didier-formet-photographie.com\/#\/schema\/person\/image\/"},"description":"Consultant et photographe, deux vrais m\u00e9tiers que je fais coexister","sameAs":["http:\/\/www.didier-formet-photographie.com","https:\/\/www.facebook.com\/didierformetphotographe\/","https:\/\/www.instagram.com\/didierformetphotographie\/"]}]}},"_links":{"self":[{"href":"https:\/\/www.didier-formet-photographie.com\/index.php\/wp-json\/wp\/v2\/pages\/3224","targetHints":{"allow":["GET"]}}],"collection":[{"href":"https:\/\/www.didier-formet-photographie.com\/index.php\/wp-json\/wp\/v2\/pages"}],"about":[{"href":"https:\/\/www.didier-formet-photographie.com\/index.php\/wp-json\/wp\/v2\/types\/page"}],"author":[{"embeddable":true,"href":"https:\/\/www.didier-formet-photographie.com\/index.php\/wp-json\/wp\/v2\/users\/1"}],"replies":[{"embeddable":true,"href":"https:\/\/www.didier-formet-photographie.com\/index.php\/wp-json\/wp\/v2\/comments?post=3224"}],"version-history":[{"count":11,"href":"https:\/\/www.didier-formet-photographie.com\/index.php\/wp-json\/wp\/v2\/pages\/3224\/revisions"}],"predecessor-version":[{"id":3322,"href":"https:\/\/www.didier-formet-photographie.com\/index.php\/wp-json\/wp\/v2\/pages\/3224\/revisions\/3322"}],"up":[{"embeddable":true,"href":"https:\/\/www.didier-formet-photographie.com\/index.php\/wp-json\/wp\/v2\/pages\/2659"}],"wp:attachment":[{"href":"https:\/\/www.didier-formet-photographie.com\/index.php\/wp-json\/wp\/v2\/media?parent=3224"}],"curies":[{"name":"wp","href":"https:\/\/api.w.org\/{rel}","templated":true}]}}

Déroulement d&rsquo;une séance

<div data-elementor-type="wp-page" data-elementor-id="3224" class="elementor elementor-3224">
						<section class="elementor-section elementor-top-section elementor-element elementor-element-1fce407 elementor-section-boxed elementor-section-height-default elementor-section-height-default" data-id="1fce407" data-element_type="section" data-e-type="section">
						<div class="elementor-container elementor-column-gap-default">
					<div class="elementor-column elementor-col-100 elementor-top-column elementor-element elementor-element-390bf75" data-id="390bf75" data-element_type="column" data-e-type="column">
			<div class="elementor-widget-wrap elementor-element-populated">
						<div class="elementor-element elementor-element-9c5ed17 elementor-widget elementor-widget-text-editor" data-id="9c5ed17" data-element_type="widget" data-e-type="widget" data-widget_type="text-editor.default">
				<div class="elementor-widget-container">
									<p>Les prises de vue durent en moyenne une heure.</p><p>Elles peuvent se faire à domicile, en studio, en tout lieu qui vous convient. Il faut parfois ajouter ½ heure d’installation du studio mobile, selon les conditions.</p><p>Vous pouvez bien sûr être accompagné(e) si vous le souhaitez, par une personne discrète.</p><p>Il ne s’agit pas de faire de l’effet, mais de réaliser un portrait authentique. <em><strong>A l&rsquo;opposé d&rsquo;un selfie, il ne sera jamais démodé.</strong></em></p><p>Le climat est humain, on peut parler pendant la séance, je m’intéresse à la personne totale, pas seulement son apparence.</p><p>Certaines personnes souhaitent s’exprimer librement dans leurs poses et expressions, d’autres souhaitent être guidées, je sais m’adapter aux deux.</p><p>Je sais également travailler avec les personnes timides, sensibles ou qui n’aiment pas leur image.</p>								</div>
				</div>
					</div>
		</div>
					</div>
		</section>
				</div>

<p>Les prises de vue durent en moyenne une heure. Elles peuvent se faire à domicile, en studio, en tout lieu qui vous convient. Il faut parfois ajouter ½ heure d’installation du studio mobile, selon les conditions. Vous pouvez bien sûr être accompagné(e) si vous le souhaitez, par une personne discrète. Il ne s’agit pas de &hellip; </p>
<p class="link-more"><a href="https://www.didier-formet-photographie.com/index.php/about-us/elementor-3224/" class="more-link">Continuer la lecture<span class="screen-reader-text"> de &laquo;&nbsp;Déroulement d&rsquo;une séance&nbsp;&raquo;</span></a></p>

<!-- This site is optimized with the Yoast SEO plugin v25.3.1 - https://yoast.com/wordpress/plugins/seo/ -->
<title>Déroulement d&#039;une séance - Didier Formet Photographie</title>
<meta name="robots" content="index, follow, max-snippet:-1, max-image-preview:large, max-video-preview:-1" />
<link rel="canonical" href="https://www.didier-formet-photographie.com/index.php/about-us/elementor-3224/" />
<meta property="og:locale" content="fr_FR" />
<meta property="og:type" content="article" />
<meta property="og:title" content="Déroulement d&#039;une séance - Didier Formet Photographie" />
<meta property="og:description" content="Les prises de vue durent en moyenne une heure. Elles peuvent se faire à domicile, en studio, en tout lieu qui vous convient. Il faut parfois ajouter ½ heure d’installation du studio mobile, selon les conditions. Vous pouvez bien sûr être accompagné(e) si vous le souhaitez, par une personne discrète. Il ne s’agit pas de &hellip; Continuer la lecture de &laquo;&nbsp;Déroulement d&rsquo;une séance&nbsp;&raquo;" />
<meta property="og:url" content="https://www.didier-formet-photographie.com/index.php/about-us/elementor-3224/" />
<meta property="og:site_name" content="Didier Formet Photographie" />
<meta property="article:publisher" content="https://www.facebook.com/didierformetphotographe/" />
<meta property="article:modified_time" content="2023-11-23T10:29:30+00:00" />
<meta property="og:image" content="https://www.didier-formet-photographie.com/wp-content/uploads/2021/11/df-portraitiste-valide-blanc-elargi-bandeau-5-scaled.jpg" />
	<meta property="og:image:width" content="2560" />
	<meta property="og:image:height" content="1067" />
	<meta property="og:image:type" content="image/jpeg" />
<meta name="twitter:card" content="summary_large_image" />
<meta name="twitter:label1" content="Durée de lecture estimée" />
	<meta name="twitter:data1" content="1 minute" />
<script type="application/ld+json" class="yoast-schema-graph">{"@context":"https://schema.org","@graph":[{"@type":"WebPage","@id":"https://www.didier-formet-photographie.com/index.php/about-us/elementor-3224/","url":"https://www.didier-formet-photographie.com/index.php/about-us/elementor-3224/","name":"Déroulement d'une séance - Didier Formet Photographie","isPartOf":{"@id":"https://www.didier-formet-photographie.com/#website"},"datePublished":"2021-11-26T17:04:26+00:00","dateModified":"2023-11-23T10:29:30+00:00","breadcrumb":{"@id":"https://www.didier-formet-photographie.com/index.php/about-us/elementor-3224/#breadcrumb"},"inLanguage":"fr-FR","potentialAction":[{"@type":"ReadAction","target":["https://www.didier-formet-photographie.com/index.php/about-us/elementor-3224/"]}]},{"@type":"BreadcrumbList","@id":"https://www.didier-formet-photographie.com/index.php/about-us/elementor-3224/#breadcrumb","itemListElement":[{"@type":"ListItem","position":1,"name":"Accueil","item":"https://www.didier-formet-photographie.com/"},{"@type":"ListItem","position":2,"name":"Pourquoi un portraitiste ?","item":"https://www.didier-formet-photographie.com/"},{"@type":"ListItem","position":3,"name":"Déroulement d&rsquo;une séance"}]},{"@type":"WebSite","@id":"https://www.didier-formet-photographie.com/#website","url":"https://www.didier-formet-photographie.com/","name":"Didier Formet Photographie","description":"Votre portraitiste","publisher":{"@id":"https://www.didier-formet-photographie.com/#/schema/person/bfb3590d294173992e9f8043d8521864"},"potentialAction":[{"@type":"SearchAction","target":{"@type":"EntryPoint","urlTemplate":"https://www.didier-formet-photographie.com/?s={search_term_string}"},"query-input":{"@type":"PropertyValueSpecification","valueRequired":true,"valueName":"search_term_string"}}],"inLanguage":"fr-FR"},{"@type":["Person","Organization"],"@id":"https://www.didier-formet-photographie.com/#/schema/person/bfb3590d294173992e9f8043d8521864","name":"Didier Formet","image":{"@type":"ImageObject","inLanguage":"fr-FR","@id":"https://www.didier-formet-photographie.com/#/schema/person/image/","url":"https://www.didier-formet-photographie.com/wp-content/uploads/2023/11/df-portraitiste-blanc-fond-bleu.jpg","contentUrl":"https://www.didier-formet-photographie.com/wp-content/uploads/2023/11/df-portraitiste-blanc-fond-bleu.jpg","width":2481,"height":2481,"caption":"Didier Formet"},"logo":{"@id":"https://www.didier-formet-photographie.com/#/schema/person/image/"},"description":"Consultant et photographe, deux vrais métiers que je fais coexister","sameAs":["http://www.didier-formet-photographie.com","https://www.facebook.com/didierformetphotographe/","https://www.instagram.com/didierformetphotographie/"]}]}</script>
<!-- / Yoast SEO plugin. -->

Déroulement d'une séance - Didier Formet Photographie

Les prises de vue durent en moyenne une heure. Elles peuvent se faire à domicile, en studio, en tout lieu qui vous convient. Il faut parfois ajouter ½ heure d’installation du studio mobile, selon les conditions. Vous pouvez bien sûr être accompagné(e) si vous le souhaitez, par une personne discrète. Il ne s’agit pas de &hellip; Continuer la lecture de &laquo;&nbsp;Déroulement d&rsquo;une séance&nbsp;&raquo;

Consultant et photographe, deux vrais métiers que je fais coexister
