{"id":3701,"date":"2023-11-23T16:06:02","date_gmt":"2023-11-23T15:06:02","guid":{"rendered":"https:\/\/www.didier-formet-photographie.com\/?page_id=3701"},"modified":"2024-12-10T13:35:27","modified_gmt":"2024-12-10T12:35:27","slug":"faq","status":"publish","type":"page","link":"https:\/\/www.didier-formet-photographie.com\/index.php\/faq\/","title":{"rendered":"FAQ"},"content":{"rendered":"\t\t<div data-elementor-type=\"wp-page\" data-elementor-id=\"3701\" class=\"elementor elementor-3701\">\n\t\t\t\t\t\t<section class=\"elementor-section elementor-top-section elementor-element elementor-element-3cf298b6 elementor-section-boxed elementor-section-height-default elementor-section-height-default\" data-id=\"3cf298b6\" data-element_type=\"section\" data-e-type=\"section\">\n\t\t\t\t\t\t<div class=\"elementor-container elementor-column-gap-default\">\n\t\t\t\t\t<div class=\"elementor-column elementor-col-100 elementor-top-column elementor-element elementor-element-3a8ab0f6\" data-id=\"3a8ab0f6\" data-element_type=\"column\" data-e-type=\"column\">\n\t\t\t<div class=\"elementor-widget-wrap elementor-element-populated\">\n\t\t\t\t\t\t<div class=\"elementor-element elementor-element-5581b098 elementor-widget elementor-widget-text-editor\" data-id=\"5581b098\" data-element_type=\"widget\" data-e-type=\"widget\" data-widget_type=\"text-editor.default\">\n\t\t\t\t<div class=\"elementor-widget-container\">\n\t\t\t\t\t\t\t\t\t\n<p><strong><em>Je n&rsquo;ai jamais pos\u00e9, j&rsquo;ai peur d&rsquo;\u00eatre mal \u00e0 l&rsquo;aise et d&rsquo;\u00eatre moche.<\/em><\/strong><\/p>\n\n<p>C&rsquo;est pour cela que vous avez besoin d&rsquo;un portraitiste, et pas d&rsquo;un cousin qui a un bel appareil photo.<\/p>\n\n<p><strong><em>Jusqu&rsquo;o\u00f9 vous d\u00e9placez-vous?<\/em><\/strong><\/p>\n\n<p>Pas de limites.<\/p>\n\n<p><strong><em>Comment r\u00e9server une s\u00e9ance?<\/em><\/strong><\/p>\n\n<p>J&rsquo;aime bien parler avec vous avant une s\u00e9ance, pour mieux vous conna\u00eetre et comprendre votre projet, alors allez sur ma page <a href=\"https:\/\/www.didier-formet-photographie.com\/index.php\/about-us\/a-propos-de\/\">Contact<\/a><\/p>\n\n<p><strong><em>Faites-vous des retouches?<\/em><\/strong><\/p>\n\n<p>Mon id\u00e9al est de faire une bonne photo d\u00e8s la prise de vue, voir mon article de blog \u00ab\u00a0<a href=\"https:\/\/www.didier-formet-photographie.com\/index.php\/2023\/11\/23\/zero-photoshop\/\">Z\u00e9ro Photoshop<\/a>\u00ab\u00a0. Je peux retoucher vos photos, et m\u00eame restaurer des photos anciennes.<\/p>\n\t\t\t\t\t\t\t\t<\/div>\n\t\t\t\t<\/div>\n\t\t\t\t\t<\/div>\n\t\t<\/div>\n\t\t\t\t\t<\/div>\n\t\t<\/section>\n\t\t\t\t<\/div>\n\t\t","protected":false},"excerpt":{"rendered":"<p>Je n&rsquo;ai jamais pos\u00e9, j&rsquo;ai peur d&rsquo;\u00eatre mal \u00e0 l&rsquo;aise et d&rsquo;\u00eatre moche. C&rsquo;est pour cela que vous avez besoin d&rsquo;un portraitiste, et pas d&rsquo;un cousin qui a un bel appareil photo. Jusqu&rsquo;o\u00f9 vous d\u00e9placez-vous? Pas de limites. Comment r\u00e9server une s\u00e9ance? J&rsquo;aime bien parler avec vous avant une s\u00e9ance, pour mieux vous conna\u00eetre et &hellip; <\/p>\n<p class=\"link-more\"><a href=\"https:\/\/www.didier-formet-photographie.com\/index.php\/faq\/\" class=\"more-link\">Continuer la lecture<span class=\"screen-reader-text\"> de &laquo;&nbsp;FAQ&nbsp;&raquo;<\/span><\/a><\/p>\n","protected":false},"author":1,"featured_media":0,"parent":0,"menu_order":0,"comment_status":"closed","ping_status":"closed","template":"","meta":{"footnotes":""},"class_list":["post-3701","page","type-page","status-publish","hentry"],"yoast_head":"<!-- This site is optimized with the Yoast SEO plugin v25.3.1 - https:\/\/yoast.com\/wordpress\/plugins\/seo\/ -->\n<title>FAQ - Didier Formet Photographie<\/title>\n<meta name=\"robots\" content=\"index, follow, max-snippet:-1, max-image-preview:large, max-video-preview:-1\" \/>\n<link rel=\"canonical\" href=\"https:\/\/www.didier-formet-photographie.com\/index.php\/faq\/\" \/>\n<meta property=\"og:locale\" content=\"fr_FR\" \/>\n<meta property=\"og:type\" content=\"article\" \/>\n<meta property=\"og:title\" content=\"FAQ - Didier Formet Photographie\" \/>\n<meta property=\"og:description\" content=\"Je n&rsquo;ai jamais pos\u00e9, j&rsquo;ai peur d&rsquo;\u00eatre mal \u00e0 l&rsquo;aise et d&rsquo;\u00eatre moche. C&rsquo;est pour cela que vous avez besoin d&rsquo;un portraitiste, et pas d&rsquo;un cousin qui a un bel appareil photo. Jusqu&rsquo;o\u00f9 vous d\u00e9placez-vous? Pas de limites. Comment r\u00e9server une s\u00e9ance? J&rsquo;aime bien parler avec vous avant une s\u00e9ance, pour mieux vous conna\u00eetre et &hellip; Continuer la lecture de &laquo;&nbsp;FAQ&nbsp;&raquo;\" \/>\n<meta property=\"og:url\" content=\"https:\/\/www.didier-formet-photographie.com\/index.php\/faq\/\" \/>\n<meta property=\"og:site_name\" content=\"Didier Formet Photographie\" \/>\n<meta property=\"article:publisher\" content=\"https:\/\/www.facebook.com\/didierformetphotographe\/\" \/>\n<meta property=\"article:modified_time\" content=\"2024-12-10T12:35:27+00:00\" \/>\n<meta property=\"og:image\" content=\"https:\/\/www.didier-formet-photographie.com\/wp-content\/uploads\/2021\/11\/df-portraitiste-valide-blanc-elargi-bandeau-5-scaled.jpg\" \/>\n\t<meta property=\"og:image:width\" content=\"2560\" \/>\n\t<meta property=\"og:image:height\" content=\"1067\" \/>\n\t<meta property=\"og:image:type\" content=\"image\/jpeg\" \/>\n<meta name=\"twitter:card\" content=\"summary_large_image\" \/>\n<meta name=\"twitter:label1\" content=\"Dur\u00e9e de lecture estim\u00e9e\" \/>\n\t<meta name=\"twitter:data1\" content=\"1 minute\" \/>\n<script type=\"application\/ld+json\" class=\"yoast-schema-graph\">{\"@context\":\"https:\/\/schema.org\",\"@graph\":[{\"@type\":\"WebPage\",\"@id\":\"https:\/\/www.didier-formet-photographie.com\/index.php\/faq\/\",\"url\":\"https:\/\/www.didier-formet-photographie.com\/index.php\/faq\/\",\"name\":\"FAQ - Didier Formet Photographie\",\"isPartOf\":{\"@id\":\"https:\/\/www.didier-formet-photographie.com\/#website\"},\"datePublished\":\"2023-11-23T15:06:02+00:00\",\"dateModified\":\"2024-12-10T12:35:27+00:00\",\"breadcrumb\":{\"@id\":\"https:\/\/www.didier-formet-photographie.com\/index.php\/faq\/#breadcrumb\"},\"inLanguage\":\"fr-FR\",\"potentialAction\":[{\"@type\":\"ReadAction\",\"target\":[\"https:\/\/www.didier-formet-photographie.com\/index.php\/faq\/\"]}]},{\"@type\":\"BreadcrumbList\",\"@id\":\"https:\/\/www.didier-formet-photographie.com\/index.php\/faq\/#breadcrumb\",\"itemListElement\":[{\"@type\":\"ListItem\",\"position\":1,\"name\":\"Accueil\",\"item\":\"https:\/\/www.didier-formet-photographie.com\/\"},{\"@type\":\"ListItem\",\"position\":2,\"name\":\"FAQ\"}]},{\"@type\":\"WebSite\",\"@id\":\"https:\/\/www.didier-formet-photographie.com\/#website\",\"url\":\"https:\/\/www.didier-formet-photographie.com\/\",\"name\":\"Didier Formet Photographie\",\"description\":\"Votre portraitiste\",\"publisher\":{\"@id\":\"https:\/\/www.didier-formet-photographie.com\/#\/schema\/person\/bfb3590d294173992e9f8043d8521864\"},\"potentialAction\":[{\"@type\":\"SearchAction\",\"target\":{\"@type\":\"EntryPoint\",\"urlTemplate\":\"https:\/\/www.didier-formet-photographie.com\/?s={search_term_string}\"},\"query-input\":{\"@type\":\"PropertyValueSpecification\",\"valueRequired\":true,\"valueName\":\"search_term_string\"}}],\"inLanguage\":\"fr-FR\"},{\"@type\":[\"Person\",\"Organization\"],\"@id\":\"https:\/\/www.didier-formet-photographie.com\/#\/schema\/person\/bfb3590d294173992e9f8043d8521864\",\"name\":\"Didier Formet\",\"image\":{\"@type\":\"ImageObject\",\"inLanguage\":\"fr-FR\",\"@id\":\"https:\/\/www.didier-formet-photographie.com\/#\/schema\/person\/image\/\",\"url\":\"https:\/\/www.didier-formet-photographie.com\/wp-content\/uploads\/2023\/11\/df-portraitiste-blanc-fond-bleu.jpg\",\"contentUrl\":\"https:\/\/www.didier-formet-photographie.com\/wp-content\/uploads\/2023\/11\/df-portraitiste-blanc-fond-bleu.jpg\",\"width\":2481,\"height\":2481,\"caption\":\"Didier Formet\"},\"logo\":{\"@id\":\"https:\/\/www.didier-formet-photographie.com\/#\/schema\/person\/image\/\"},\"description\":\"Consultant et photographe, deux vrais m\u00e9tiers que je fais coexister\",\"sameAs\":[\"http:\/\/www.didier-formet-photographie.com\",\"https:\/\/www.facebook.com\/didierformetphotographe\/\",\"https:\/\/www.instagram.com\/didierformetphotographie\/\"]}]}<\/script>\n<!-- \/ Yoast SEO plugin. -->","yoast_head_json":{"title":"FAQ - Didier Formet Photographie","robots":{"index":"index","follow":"follow","max-snippet":"max-snippet:-1","max-image-preview":"max-image-preview:large","max-video-preview":"max-video-preview:-1"},"canonical":"https:\/\/www.didier-formet-photographie.com\/index.php\/faq\/","og_locale":"fr_FR","og_type":"article","og_title":"FAQ - Didier Formet Photographie","og_description":"Je n&rsquo;ai jamais pos\u00e9, j&rsquo;ai peur d&rsquo;\u00eatre mal \u00e0 l&rsquo;aise et d&rsquo;\u00eatre moche. C&rsquo;est pour cela que vous avez besoin d&rsquo;un portraitiste, et pas d&rsquo;un cousin qui a un bel appareil photo. Jusqu&rsquo;o\u00f9 vous d\u00e9placez-vous? Pas de limites. Comment r\u00e9server une s\u00e9ance? J&rsquo;aime bien parler avec vous avant une s\u00e9ance, pour mieux vous conna\u00eetre et &hellip; Continuer la lecture de &laquo;&nbsp;FAQ&nbsp;&raquo;","og_url":"https:\/\/www.didier-formet-photographie.com\/index.php\/faq\/","og_site_name":"Didier Formet Photographie","article_publisher":"https:\/\/www.facebook.com\/didierformetphotographe\/","article_modified_time":"2024-12-10T12:35:27+00:00","og_image":[{"width":2560,"height":1067,"url":"https:\/\/www.didier-formet-photographie.com\/wp-content\/uploads\/2021\/11\/df-portraitiste-valide-blanc-elargi-bandeau-5-scaled.jpg","type":"image\/jpeg"}],"twitter_card":"summary_large_image","twitter_misc":{"Dur\u00e9e de lecture estim\u00e9e":"1 minute"},"schema":{"@context":"https:\/\/schema.org","@graph":[{"@type":"WebPage","@id":"https:\/\/www.didier-formet-photographie.com\/index.php\/faq\/","url":"https:\/\/www.didier-formet-photographie.com\/index.php\/faq\/","name":"FAQ - Didier Formet Photographie","isPartOf":{"@id":"https:\/\/www.didier-formet-photographie.com\/#website"},"datePublished":"2023-11-23T15:06:02+00:00","dateModified":"2024-12-10T12:35:27+00:00","breadcrumb":{"@id":"https:\/\/www.didier-formet-photographie.com\/index.php\/faq\/#breadcrumb"},"inLanguage":"fr-FR","potentialAction":[{"@type":"ReadAction","target":["https:\/\/www.didier-formet-photographie.com\/index.php\/faq\/"]}]},{"@type":"BreadcrumbList","@id":"https:\/\/www.didier-formet-photographie.com\/index.php\/faq\/#breadcrumb","itemListElement":[{"@type":"ListItem","position":1,"name":"Accueil","item":"https:\/\/www.didier-formet-photographie.com\/"},{"@type":"ListItem","position":2,"name":"FAQ"}]},{"@type":"WebSite","@id":"https:\/\/www.didier-formet-photographie.com\/#website","url":"https:\/\/www.didier-formet-photographie.com\/","name":"Didier Formet Photographie","description":"Votre portraitiste","publisher":{"@id":"https:\/\/www.didier-formet-photographie.com\/#\/schema\/person\/bfb3590d294173992e9f8043d8521864"},"potentialAction":[{"@type":"SearchAction","target":{"@type":"EntryPoint","urlTemplate":"https:\/\/www.didier-formet-photographie.com\/?s={search_term_string}"},"query-input":{"@type":"PropertyValueSpecification","valueRequired":true,"valueName":"search_term_string"}}],"inLanguage":"fr-FR"},{"@type":["Person","Organization"],"@id":"https:\/\/www.didier-formet-photographie.com\/#\/schema\/person\/bfb3590d294173992e9f8043d8521864","name":"Didier Formet","image":{"@type":"ImageObject","inLanguage":"fr-FR","@id":"https:\/\/www.didier-formet-photographie.com\/#\/schema\/person\/image\/","url":"https:\/\/www.didier-formet-photographie.com\/wp-content\/uploads\/2023\/11\/df-portraitiste-blanc-fond-bleu.jpg","contentUrl":"https:\/\/www.didier-formet-photographie.com\/wp-content\/uploads\/2023\/11\/df-portraitiste-blanc-fond-bleu.jpg","width":2481,"height":2481,"caption":"Didier Formet"},"logo":{"@id":"https:\/\/www.didier-formet-photographie.com\/#\/schema\/person\/image\/"},"description":"Consultant et photographe, deux vrais m\u00e9tiers que je fais coexister","sameAs":["http:\/\/www.didier-formet-photographie.com","https:\/\/www.facebook.com\/didierformetphotographe\/","https:\/\/www.instagram.com\/didierformetphotographie\/"]}]}},"_links":{"self":[{"href":"https:\/\/www.didier-formet-photographie.com\/index.php\/wp-json\/wp\/v2\/pages\/3701","targetHints":{"allow":["GET"]}}],"collection":[{"href":"https:\/\/www.didier-formet-photographie.com\/index.php\/wp-json\/wp\/v2\/pages"}],"about":[{"href":"https:\/\/www.didier-formet-photographie.com\/index.php\/wp-json\/wp\/v2\/types\/page"}],"author":[{"embeddable":true,"href":"https:\/\/www.didier-formet-photographie.com\/index.php\/wp-json\/wp\/v2\/users\/1"}],"replies":[{"embeddable":true,"href":"https:\/\/www.didier-formet-photographie.com\/index.php\/wp-json\/wp\/v2\/comments?post=3701"}],"version-history":[{"count":6,"href":"https:\/\/www.didier-formet-photographie.com\/index.php\/wp-json\/wp\/v2\/pages\/3701\/revisions"}],"predecessor-version":[{"id":3761,"href":"https:\/\/www.didier-formet-photographie.com\/index.php\/wp-json\/wp\/v2\/pages\/3701\/revisions\/3761"}],"wp:attachment":[{"href":"https:\/\/www.didier-formet-photographie.com\/index.php\/wp-json\/wp\/v2\/media?parent=3701"}],"curies":[{"name":"wp","href":"https:\/\/api.w.org\/{rel}","templated":true}]}}

<div data-elementor-type="wp-page" data-elementor-id="3701" class="elementor elementor-3701">
						<section class="elementor-section elementor-top-section elementor-element elementor-element-3cf298b6 elementor-section-boxed elementor-section-height-default elementor-section-height-default" data-id="3cf298b6" data-element_type="section" data-e-type="section">
						<div class="elementor-container elementor-column-gap-default">
					<div class="elementor-column elementor-col-100 elementor-top-column elementor-element elementor-element-3a8ab0f6" data-id="3a8ab0f6" data-element_type="column" data-e-type="column">
			<div class="elementor-widget-wrap elementor-element-populated">
						<div class="elementor-element elementor-element-5581b098 elementor-widget elementor-widget-text-editor" data-id="5581b098" data-element_type="widget" data-e-type="widget" data-widget_type="text-editor.default">
				<div class="elementor-widget-container">
									
<p><strong><em>Je n&rsquo;ai jamais posé, j&rsquo;ai peur d&rsquo;être mal à l&rsquo;aise et d&rsquo;être moche.</em></strong></p>

<p>C&rsquo;est pour cela que vous avez besoin d&rsquo;un portraitiste, et pas d&rsquo;un cousin qui a un bel appareil photo.</p>

<p><strong><em>Jusqu&rsquo;où vous déplacez-vous?</em></strong></p>

<p>Pas de limites.</p>

<p><strong><em>Comment réserver une séance?</em></strong></p>

<p>J&rsquo;aime bien parler avec vous avant une séance, pour mieux vous connaître et comprendre votre projet, alors allez sur ma page <a href="https://www.didier-formet-photographie.com/index.php/about-us/a-propos-de/">Contact</a></p>

<p><strong><em>Faites-vous des retouches?</em></strong></p>

<p>Mon idéal est de faire une bonne photo dès la prise de vue, voir mon article de blog « <a href="https://www.didier-formet-photographie.com/index.php/2023/11/23/zero-photoshop/">Zéro Photoshop</a>« . Je peux retoucher vos photos, et même restaurer des photos anciennes.</p>
								</div>
				</div>
					</div>
		</div>
					</div>
		</section>
				</div>

<p>Je n&rsquo;ai jamais posé, j&rsquo;ai peur d&rsquo;être mal à l&rsquo;aise et d&rsquo;être moche. C&rsquo;est pour cela que vous avez besoin d&rsquo;un portraitiste, et pas d&rsquo;un cousin qui a un bel appareil photo. Jusqu&rsquo;où vous déplacez-vous? Pas de limites. Comment réserver une séance? J&rsquo;aime bien parler avec vous avant une séance, pour mieux vous connaître et &hellip; </p>
<p class="link-more"><a href="https://www.didier-formet-photographie.com/index.php/faq/" class="more-link">Continuer la lecture<span class="screen-reader-text"> de &laquo;&nbsp;FAQ&nbsp;&raquo;</span></a></p>

<!-- This site is optimized with the Yoast SEO plugin v25.3.1 - https://yoast.com/wordpress/plugins/seo/ -->
<title>FAQ - Didier Formet Photographie</title>
<meta name="robots" content="index, follow, max-snippet:-1, max-image-preview:large, max-video-preview:-1" />
<link rel="canonical" href="https://www.didier-formet-photographie.com/index.php/faq/" />
<meta property="og:locale" content="fr_FR" />
<meta property="og:type" content="article" />
<meta property="og:title" content="FAQ - Didier Formet Photographie" />
<meta property="og:description" content="Je n&rsquo;ai jamais posé, j&rsquo;ai peur d&rsquo;être mal à l&rsquo;aise et d&rsquo;être moche. C&rsquo;est pour cela que vous avez besoin d&rsquo;un portraitiste, et pas d&rsquo;un cousin qui a un bel appareil photo. Jusqu&rsquo;où vous déplacez-vous? Pas de limites. Comment réserver une séance? J&rsquo;aime bien parler avec vous avant une séance, pour mieux vous connaître et &hellip; Continuer la lecture de &laquo;&nbsp;FAQ&nbsp;&raquo;" />
<meta property="og:url" content="https://www.didier-formet-photographie.com/index.php/faq/" />
<meta property="og:site_name" content="Didier Formet Photographie" />
<meta property="article:publisher" content="https://www.facebook.com/didierformetphotographe/" />
<meta property="article:modified_time" content="2024-12-10T12:35:27+00:00" />
<meta property="og:image" content="https://www.didier-formet-photographie.com/wp-content/uploads/2021/11/df-portraitiste-valide-blanc-elargi-bandeau-5-scaled.jpg" />
	<meta property="og:image:width" content="2560" />
	<meta property="og:image:height" content="1067" />
	<meta property="og:image:type" content="image/jpeg" />
<meta name="twitter:card" content="summary_large_image" />
<meta name="twitter:label1" content="Durée de lecture estimée" />
	<meta name="twitter:data1" content="1 minute" />
<script type="application/ld+json" class="yoast-schema-graph">{"@context":"https://schema.org","@graph":[{"@type":"WebPage","@id":"https://www.didier-formet-photographie.com/index.php/faq/","url":"https://www.didier-formet-photographie.com/index.php/faq/","name":"FAQ - Didier Formet Photographie","isPartOf":{"@id":"https://www.didier-formet-photographie.com/#website"},"datePublished":"2023-11-23T15:06:02+00:00","dateModified":"2024-12-10T12:35:27+00:00","breadcrumb":{"@id":"https://www.didier-formet-photographie.com/index.php/faq/#breadcrumb"},"inLanguage":"fr-FR","potentialAction":[{"@type":"ReadAction","target":["https://www.didier-formet-photographie.com/index.php/faq/"]}]},{"@type":"BreadcrumbList","@id":"https://www.didier-formet-photographie.com/index.php/faq/#breadcrumb","itemListElement":[{"@type":"ListItem","position":1,"name":"Accueil","item":"https://www.didier-formet-photographie.com/"},{"@type":"ListItem","position":2,"name":"FAQ"}]},{"@type":"WebSite","@id":"https://www.didier-formet-photographie.com/#website","url":"https://www.didier-formet-photographie.com/","name":"Didier Formet Photographie","description":"Votre portraitiste","publisher":{"@id":"https://www.didier-formet-photographie.com/#/schema/person/bfb3590d294173992e9f8043d8521864"},"potentialAction":[{"@type":"SearchAction","target":{"@type":"EntryPoint","urlTemplate":"https://www.didier-formet-photographie.com/?s={search_term_string}"},"query-input":{"@type":"PropertyValueSpecification","valueRequired":true,"valueName":"search_term_string"}}],"inLanguage":"fr-FR"},{"@type":["Person","Organization"],"@id":"https://www.didier-formet-photographie.com/#/schema/person/bfb3590d294173992e9f8043d8521864","name":"Didier Formet","image":{"@type":"ImageObject","inLanguage":"fr-FR","@id":"https://www.didier-formet-photographie.com/#/schema/person/image/","url":"https://www.didier-formet-photographie.com/wp-content/uploads/2023/11/df-portraitiste-blanc-fond-bleu.jpg","contentUrl":"https://www.didier-formet-photographie.com/wp-content/uploads/2023/11/df-portraitiste-blanc-fond-bleu.jpg","width":2481,"height":2481,"caption":"Didier Formet"},"logo":{"@id":"https://www.didier-formet-photographie.com/#/schema/person/image/"},"description":"Consultant et photographe, deux vrais métiers que je fais coexister","sameAs":["http://www.didier-formet-photographie.com","https://www.facebook.com/didierformetphotographe/","https://www.instagram.com/didierformetphotographie/"]}]}</script>
<!-- / Yoast SEO plugin. -->

Je n&rsquo;ai jamais posé, j&rsquo;ai peur d&rsquo;être mal à l&rsquo;aise et d&rsquo;être moche. C&rsquo;est pour cela que vous avez besoin d&rsquo;un portraitiste, et pas d&rsquo;un cousin qui a un bel appareil photo. Jusqu&rsquo;où vous déplacez-vous? Pas de limites. Comment réserver une séance? J&rsquo;aime bien parler avec vous avant une séance, pour mieux vous connaître et &hellip; Continuer la lecture de &laquo;&nbsp;FAQ&nbsp;&raquo;

Consultant et photographe, deux vrais métiers que je fais coexister
